f -j**5/60 + 7*j**4/24 - j**3/6 + 13*j**2. Calculate l(q).
5
Suppose 0 = -2*o + 4*o - 4. Suppose o*l = 7*l - 10. Let h(u) be the third derivative of u**5/60 - u**4/12 + u**3/3 + 376*u**2 + 3*u. What is h(l)?
2
Let w(p) = p**2 - 6*p + 10. Suppose -2*c + 30 = 30*h - 25*h, 30 = 5*h - 4*c. Determine w(h).
10
Let m(a) = -44*a - 2421. Let x be m(-55). Let j(i) = -13*i - 10. Give j(x).
3
Let d(h) be the first derivative of 2*h**3/3 - 13*h**2/2 - 38*h + 50. What is d(9)?
7
Let t = -7 - -3. Let r(n) be the second derivative of -n**3/2 + n**2 - 3153*n. What is r(t)?
14
Let q be 19482/(-24) + 3/(-12) + 5. Let j = 799 + q. Let l(i) = -2*i**2 - 16*i - 4. Calculate l(j).
-4
Let d(w) be the first derivative of w**2/2 - 5*w + 8. Suppose -4*z = -3*l - 16 - 22, 0 = 2*l - 2*z + 24. Let b(i) = 6*i + 63. Let j be b(l). What is d(j)?
-2
Let s(g) = 17*g**3 - 10*g**2 - 32*g + 2. Let p(u) = 37*u**3 - 19*u**2 - 65*u + 1. Let h(n) = -6*p(n) + 13*s(n). Calculate h(-14).
-8
Let g(d) be the second derivative of -4/3*d**3 + 5*d**2 + 0 - 31*d + 1/12*d**4. Let v be g(6). Let i(r) = -4*r - 3. Determine i(v).
5
Let t(o) = o**3 - o + 1. Suppose -7*x = 2*x + 17*x. Suppose -71*i - m + 8 = -68*i, x = -i + 4*m + 7. What is t(i)?
25
Let k(a) = a**2 - 254*a - 6968. Let r be k(-25). Let j(m) = -3*m**2 + 25*m - 12. What is j(r)?
16
Let q = 349/588 + -1/98. Let i(t) be the second derivative of 1/2*t**2 + 0*t**3 + q*t**4 - 16*t + 0. Calculate i(1).
8
Suppose -18*l + 764 + 208 = 0. Suppose -119*b - l = -110*b. Let a(p) = p**3 + 6*p**2 - 6*p - 7. Calculate a(b).
29
Let v(i) = 3*i**2 - 11*i - 5. Let t be v(6). Suppose -t*u = -29*u - 8. Let b(g) = -5 - u - g**3 - 9*g - 6*g**2 + 8*g. Give b(-6).
0
Let t(z) = 3*z**2 - 117*z - 113. Let k be t(40). Let j(v) = -v**3 + 6*v**2 + v + 35. Calculate j(k).
-7
Let f(p) = -2*p + 2. Let w = -72 - -114. Suppose 2*r - w = -2*j, r + 3*r = 4. Suppose c = -14 + j. Give f(c).
-10
Let b(q) = -q**2 + 3*q - 1. Let a(j) be the second derivative of 3*j**3/2 + 2*j**2 + 13*j. Let w be a(-1). Let f be (4/(-3))/(w/15). What is b(f)?
-5
Let p(w) = w**2 + 10*w + 22. Let g be p(-8). Let y(f) = 9 - 18 + g - 2*f. Let n = -23 + 18. Calculate y(n).
7
Let u(d) be the third derivative of d**4/8 + 3*d**3/2 + 17*d**2 - 38. What is u(-6)?
-9
Let h = 15065 - 15047. Let x(f) = 2*f**2 - 33*f - 3. Determine x(h).
51
Let p(g) = -g**2 + 8*g + 10. Let n(i) = -i**3 + 13*i**2 - 28*i - 12. Let f be (-152)/(-8) + (-8 - 1). Let l be n(f). What is p(l)?
10
Let d be 45/(-60) + 94/8. Suppose 30 = -d*t + 8. Let z(k) be the third derivative of -k**5/15 - k**3/6 - k**2. Calculate z(t).
-17
Let h = 5971 + -5949. Let y(g) be the first derivative of 2*g**2 + g**3 - h - 1/4*g**4 + g. Calculate y(3).
13
Let i(g) = 16*g + 4. Let d be ((-28)/63*1)/(26/117). Give i(d).
-28
Let o be 2/(2 - (-5)/(-2)). Let t be -10*(18/(-4) - o). Suppose 3*p = -k - 2 + 18, t*k + 3*p = 20. Let q(s) = s**3 - s**2 + s - 1. Give q(k).
0
Let w(t) = 24*t**3 + 74*t**2 - 13*t - 110. Let j(r) = -11*r**3 - 34*r**2 + 7*r + 55. Let v(s) = 11*j(s) + 5*w(s). Give v(-4).
7
Let s(p) = -58*p**2 + 63*p + 5. Let y(q) = -151*q**2 + 158*q + 13. Let u(j) = 13*s(j) - 5*y(j). What is u(-2)?
-54
Let u be 1*15 - (0 - 0 - -6)/2. Let j(q) = 6*q**2 - 70*q - 22. Determine j(u).
2
Let x(q) be the third derivative of -q**5/60 + q**4/4 - 2*q**3/3 + q**2 + 6*q. Let a be 2 - 4/(-2)*2. What is x(a)?
-4
Let h(x) be the first derivative of 5/2*x**2 + 0*x + 22. Calculate h(-3).
-15
Let n(y) = 5*y + 102. Let x(j) = 2*j**2 + 68*j + 394. Let t be x(-26). Calculate n(t).
-8
Let n = 41 - 37. Suppose -4*v + 32 = -4*o, -5*v - 1 = 4*o + n. Suppose 4*s - 15 = -t, 0 = 3*s - 5*t - v - 14. Let x(k) = -k**3 + 4*k**2 - 3*k - 1. Give x(s).
-13
Let m(k) = 8*k - 2. Let r(o) be the second derivative of 17*o**3/6 - 3*o**2/2 + 3*o - 14. Let c(v) = -13*m(v) + 6*r(v). What is c(5)?
-2
Suppose 3*k = -3*s - 66 + 252, 5*s - k - 304 = 0. Let h = s - 59. Let l(c) = -4*c**h + 12*c**2 + 247*c - 247*c. Calculate l(1).
8
Let q(p) = -85655*p + 171584*p + 2 - 85928*p. Suppose -4*y - 10 = y + 2*j, 20 = -y - 4*j. Suppose 0*a - a - 6 = y. What is q(a)?
-4
Let f(g) be the third derivative of g**5/60 - 5*g**4/12 - 61*g**3/2 - 4*g**2 - 749*g. What is f(-9)?
-12
Let g(d) = d**2 + d - 4. Suppose -3*b - 2*c = 1133, -4*b + 216 = 4*c + 1724. Let j = b + 381. Give g(j).
2
Let h(t) = -t**3 - 5*t**2 + 2*t + 5. Let p be h(-6). Let w(z) = 5*z**2 - 1 + p*z**3 - 5*z - 30*z**3 - 1 - 1. Give w(4).
-7
Let q(h) = 34*h**3 - 4*h**2 - 3*h - 1. Suppose 0 = 134*r + 64 + 70. What is q(r)?
-36
Let l(p) = 101*p**2 + 32*p + 26. Let m(w) = 63*w**2 + 21*w + 17. Let r(d) = 5*l(d) - 8*m(d). Determine r(8).
-6
Let f(i) = -2*i - 36. Let r(t) = 4*t + 72. Let y(d) = -5*f(d) - 2*r(d). Let o be y(-17). Let m(x) = 4 - 12*x**2 + 4*x + 0 + 13*x**o. What is m(-5)?
9
Let p(t) = -5*t + 74. Suppose -8 = -4*d + 26 + 22. Calculate p(d).
4
Let g = -8613 - -8602. Let r(a) = -6*a + 23. What is r(g)?
89
Suppose 0*y - 12 = -4*n - 4*y, -3 = -n - 4*y. Suppose -3*j - n*h = -21, -2*j + 0*h = -5*h + 7. Let c(t) = t + 3. Give c(j).
7
Let i(q) = q**3 - 8*q**2 - q + 7. Let o(n) = 10*n - 80. Let j be o(6). Let k = -12 - j. What is i(k)?
-1
Suppose 5*s - 5*u + 6*u - 813 = 0, -s + 161 = u. Let t = s + -253. Let g = t - -90. Let c(r) = -r**3 - r. Give c(g).
0
Let j(z) = z**3 - 4*z**2 - 25*z - 53. Let y be j(8). Let p(o) = 12*o - 43. Determine p(y).
-7
Let z(y) = 2*y**2 + 6*y + 2. Suppose -57 = -17*x + 113. Suppose 7 - x = f. Calculate z(f).
2
Let n(w) = w**2 + 11*w - 13. Let i(g) = -g**2 - 10*g + 29. Let b(s) = 2*i(s) + 3*n(s). What is b(-13)?
19
Let f = -95 + 97. Suppose -22 = -f*v - 30. Let t(j) be the third derivative of j**5/30 + 5*j**4/24 - j**3/6 - j**2. Determine t(v).
11
Suppose 0 = -2116*d + 2122*d - 378. Suppose -d*z + 54*z + 18 = 0. Let r(q) be the second derivative of q**4/6 + q**3/6 + q**2/2 - q. Determine r(z).
11
Suppose 3374*g - 246 = 3333*g. Let h(x) = x + 1. Let m(w) = -2*w + 23. Let t(a) = 2*h(a) - m(a). What is t(g)?
3
Let t be (-8 + 385/44)/(3/(-16)). Let h(i) = -25*i - 91. Give h(t).
9
Suppose 3 - 43 = 4*t. Let i = -6 + t. Let v be i/4 - (0 + 0). Let b(h) = h**3 + 5*h**2 + 4*h - 2. Calculate b(v).
-2
Suppose 4*k - 21 = -4*z + 3*k, -6 = 2*k. Let q(x) = 0*x - 12*x - 2*x**2 + x**2 + x + z - x. Give q(-11).
17
Let i(j) = j**2 + 4*j + 4. Let f(x) = -x**3 - 13*x**2 - 14*x - 22. Let t be f(-12). Let u(a) = -t*a + 5*a - 315 + 292. Let h be u(6). Give i(h).
9
Let x be 0 - 4 - (0 + (4 - 120/12)). Let a = 69 + -30. Let s(j) = a - 39 + j**2 - j. Determine s(x).
2
Let i(w) be the second derivative of w**4/6 - 49*w**3/6 - 75*w**2 - 3309*w. What is i(-3)?
15
Let w(j) = 56 + 5*j - 104 + 32 - 127 - j. Determine w(36).
1
Let g = 27 + -29. Let u(r) = -10*r**2 - 4*r + 4. Let l(k) = 9*k**2 + 4*k - 3. Let v(w) = 7*l(w) + 6*u(w). Calculate v(g).
7
Let w(k) = k**3 + 13*k**2 + 16*k + 2. Let d be w(-2). Let g(c) = -c**2 + 12*c - 11. What is g(d)?
-39
Let u(b) = b**3 - 5*b**2 - 9*b - 40. Let w be u(7). Let p = -33 - -35. Let g(j) = 3 - 3*j - j**3 - 6*j**p - j + 2. Calculate g(w).
0
Suppose -k + 1 = 0, -4*k = -m - 0*m. Let u(i) = 8*i**2 + i**3 - m*i + 10*i**2 - 35*i**2 + 17*i**2. Suppose -2*q - 2 = -4*o, 0 = 3*o - q - 5 + 1. Give u(o).
15
Let j(v) = 7*v - 10. Let i(b) = -b + 2. Let n(l) = -6*l + 13. Let u(w) = 40*i(w) - 5*n(w). Let m(x) = 7*j(x) + 5*u(x). Determine m(9).
-4
Let w = 10 - 25. Let r be 3/(-5) + (-39)/w. Let o(k) be the second derivative of k**4/12 - 2*k**3/3 + k**2 + 668*k - 3. Give o(r).
-2
Let n(y) = -222*y**2 + 9*y + 9. Let f be n(-2). Let c = f + 896. Let j(q) = 22*q**2 + 2*q + 1. What is j(c)?
21
Suppose 0 = 2*p + 2*s - 10, 3*p + 0*p + 1 = 5*s. Let c(d) = -p - 9 + 0 + 0*d + d. Let q be c(5). Let l(k) = -k**2 - 4*k + 10. Determine l(q).
-11
Let q(h) = -2*h**2 + 110*h + 91. Let g(n) = n**2 - 36*n - 32. Let s(l) = 8*g(l) + 3*q(l). Determine s(-21).
17
Let l(n) = 141. Let f(v) = -v - 196. Let q(r) = 5*f(r) + 7*l(r). Calculate q(-2).
17
Let n(j) = -5*j + 9. Let t(f) = 3*f - 4. Let x(l) = 6*n(l) + 13*t(l). Suppose 10*r - 40 - 20 = 0. Let m be r/3 - (-16)/(-4). Calculate x(m).
-16
Let j(q) be the third derivative of -q**4/24 - 4*q**3/3 - 14*q**2 - 88. Suppose 0 = -5*d + 1 + 14. Suppose c = -0*x - d*x - 15, 0 = 2*x + 4*c. What is j(x)?
-2
Let x(r) = 3*r